 -6 = 2*b - 4*b + v. Let l be 2*15/9*3. What is the highest common factor of b and l?
2
Let k(l) = l**3 + 6*l**2 + 5*l + 3. Let q be k(-5). Suppose q*c + 2*c = 30. Calculate the greatest common factor of c and 48.
6
Suppose 2*q - 4*j = -2*j - 104, 6 = -3*j. Let i be 12/q - 16/9. Let m be (-2 + 3)/(i/(-50)). Calculate the greatest common divisor of m and 10.
5
Suppose 60 = 5*f + 5*p, -2*f + p + 3*p + 6 = 0. Calculate the greatest common factor of f and 3.
3
Suppose 10 = -6*p + 8*p. What is the highest common factor of 20 and p?
5
Suppose 1395 + 141 = 32*t. Let w(v) = -4*v - 4. Let a be w(-4). Calculate the greatest common divisor of a and t.
12
Let z = -10 - -15. Suppose 35 = z*u - 0*u. What is the greatest common divisor of 1 and u?
1
Suppose o = -x - 2*x + 1, -x + 3 = 3*o. Suppose -3*w - 3*k - 7 + 205 = 0, 4*k + 56 = w. Suppose x = s + s - w. Calculate the highest common divisor of 8 and s.
8
Suppose 11 = -3*q + 29. Calculate the greatest common divisor of q and 6.
6
Suppose 3*s - 15 + 3 = 0. Let l be s + -2 - (1 - 1). Suppose 10 = w + l. What is the highest common factor of 64 and w?
8
Let t = -50 - -51. Calculate the greatest common divisor of t and 13.
1
Suppose 4*k - 52 - 128 = 0. Calculate the greatest common factor of k and 90.
45
Suppose -33 = -3*d + 123. What is the highest common divisor of 39 and d?
13
Let l(u) = -u**3 + u**2. Let k be l(2). Let p(x) = 2*x**2 + 4*x - 1. Let v be p(k). Suppose -4*s + 35 = -25. What is the greatest common divisor of v and s?
15
Let p be 48 - (6 - 4) - 4. What is the highest common factor of 28 and p?
14
Let t = -94 - -181. Suppose -3*s = -3*x - 84, 3*s - 7*x - t = -3*x. What is the highest common factor of 25 and s?
25
Let y be (-6)/(-9)*(-15)/10 - -76. Suppose 0 = 5*t - 2*t - 45. Calculate the greatest common factor of t and y.
15
Let q = -46 + -8. Let b = -14 - q. Calculate the highest common divisor of b and 10.
10
Suppose s - 2*d = 6*s - 250, d = -s + 50. Calculate the highest common factor of 10 and s.
10
Let p be (-75)/10*(-8)/20. Suppose 2*l + 4*t = 6, l + 3*l - p*t = 45. Calculate the highest common factor of 99 and l.
9
Let y(w) = -w**3 + 11*w**2 + 2*w - 14. Let x be y(11). Calculate the highest common divisor of 8 and x.
8
Let i = -18 + 7. Let z = i - -22. Suppose 0*u - 363 = -3*u. What is the highest common factor of z and u?
11
Let v(z) = z**2 - 10*z + 20. Let c be v(8). Suppose 5*y + 91 = 4*j, 5*j + 2*y - 5*y - 117 = 0. Let f = 44 - j. Calculate the greatest common divisor of c and f.
4
Let f = 14 - -8. Suppose 5*q = -4*r + 6, 5*q - 15 = 2*r + 3*r. Let x be 12 - ((-1)/r - 0). Calculate the greatest common factor of x and f.
11
Suppose 19 = -3*s + 25. Calculate the highest common divisor of 2 and s.
2
Suppose -5*w = -431 + 81. Suppose 0*z + 5*z + 50 = 0. Let c be (-4)/10 + (-144)/z. What is the highest common factor of w and c?
14
Let k(w) = w + 9. Let v be k(-5). Suppose -m - 27 = -v*m. What is the highest common factor of m and 63?
9
Suppose -5*g - 103 = -303. Calculate the greatest common divisor of 30 and g.
10
Let n be (3 + -2)/(2/(-10)). Let a(o) = 2*o**2 + 8*o + 7. Let i be a(n). What is the greatest common divisor of 17 and i?
17
Suppose -3 = -5*l + 2. Let x be (2 - (l + 0))*12. Calculate the highest common divisor of 6 and x.
6
Let s = -100 - -50. Let y be (s/(-15))/(2/30). Let b(r) = -3*r - 8. Let p be b(-6). What is the greatest common factor of y and p?
10
Let z(w) = 4*w**2 - 1. Let g(h) = h + 2. Let t be g(-3). Let j be z(t). Suppose 0 = k + j*k - 36. Calculate the highest common divisor of k and 18.
9
Suppose 5*b = 5*c + 15, -3*b - 2*c - 1 + 20 = 0. What is the highest common factor of b and 5?
5
Suppose 0 = 2*v - 0*n + 3*n - 54, -2*n + 108 = 4*v. What is the greatest common divisor of 27 and v?
27
Let c = 1 - 1. Let m = c - -4. What is the greatest common divisor of 6 and m?
2
Suppose 0*m + 4 = 4*m. Let q be (-3 - -20)*m + -2. Calculate the greatest common divisor of q and 30.
15
Suppose 3 - 5 = -d. Let t be 2/3 + 7/3. Suppose d*a + t*a = 200. Calculate the greatest common factor of a and 8.
8
Let u = -97 - -126. Calculate the greatest common factor of 319 and u.
29
Let q be 2 + (46 - 4)*1. What is the highest common divisor of q and 66?
22
Let k be ((-3)/(-6))/(3 + 645/(-216)). Suppose -5*q + 187 + 83 = 0. Calculate the highest common factor of k and q.
18
Let d = 45 - 4. Let w = 161 - d. Let g = 24 + -9. Calculate the highest common divisor of g and w.
15
Suppose 4*r + 60 = 5*r. Let c be (-7 - (-19)/(-3))/((-2)/3). Calculate the greatest common factor of c and r.
20
Let x be (-270)/(-8) - (-1)/4. What is the greatest common factor of 68 and x?
34
Suppose 4*k + l = 6*l + 37, -5*k + 5 = 2*l. Suppose 0 = -s + u + 11, 5*u = -k*s + 4*u + 17. Calculate the highest common factor of 63 and s.
7
Let f(x) = x**2 - 22. Let v be f(6). Let s = 42 + 112. Calculate the greatest common factor of v and s.
14
Suppose 4*l + 37 = 5*l. Let g = l - 21. Calculate the highest common divisor of g and 4.
4
Let j be (-2 + 0 - -3)*7. Let a(b) = 10*b - 47. Let w be a(11). What is the highest common factor of w and j?
7
Suppose 5*j = 13 + 17. Calculate the greatest common divisor of j and 24.
6
Suppose -11*m + 44 = -7*m. What is the highest common divisor of 77 and m?
11
Suppose -15 = -5*m + 5*k, 5*k = -2*m + 8 + 5. Let u be (1035/20)/(1/m). Calculate the greatest common divisor of 23 and u.
23
Let c be -19 + 224 - (-1 + 0)/(-1). What is the highest common factor of c and 12?
12
Let t be (-1 + 0)*(-2 + 2). Suppose t = 5*v - f + 180, -2*f - 95 = 6*v - 3*v. Let n = -19 - v. What is the greatest common divisor of 16 and n?
16
Suppose 4*b = 0, 7*b - 42 = -3*h + 9*b. Calculate the highest common divisor of h and 42.
14
Suppose -v = -5 - 2. Suppose 2 = u - 5. Calculate the highest common divisor of v and u.
7
Suppose -5*o = -4*a + 31, 5*o - 2*a = -5*a - 3. Let b be o*(-2)/15*10. What is the greatest common divisor of 32 and b?
4
Let n = -75 - -185. What is the highest common divisor of 22 and n?
22
Let h be 55/2 + (-1)/(-2). Let t be -1 + 4 + (-2 - (4 - 7)). What is the greatest common factor of h and t?
4
Let w(z) = z + 9. Let c(p) = -3*p - 36. Let t(u) = -4*c(u) - 15*w(u). Let g be t(-12). What is the greatest common factor of 30 and g?
15
Let a(z) = -z**2 + 4*z + 3. Let s be a(4). Suppose -120 = s*x - 504. Suppose 0 = -2*p - 6 + 38. What is the greatest common factor of p and x?
16
Suppose 18 = 2*z - 30. Suppose -3*c + c = -32. Calculate the greatest common factor of c and z.
8
Suppose l + 2*k + 22 = 0, -l - k - 15 = 5. Let b be 237*2*(-3)/l. Let f be (-8)/28 + b/7. What is the highest common divisor of f and 11?
11
Suppose 6*f - 181 = 53. What is the greatest common divisor of 234 and f?
39
Let d = -4 + 20. Let w(j) = j - 4. Let z be w(12). Let a = d - z. Calculate the greatest common factor of a and 2.
2
Suppose 0*t + t + 5*o - 27 = 0, 30 = t + 2*o. Calculate the greatest common divisor of 8 and t.
8
Let y(h) = -4*h**2 - 1. Let m be y(1). Let v(b) = b**3 + 6*b**2 + 3*b - 6. Let u be v(m). What is the greatest common factor of 1 and u?
1
Suppose -4*l + 11 = p - 6*l, -l = 4*p - 17. Suppose i + 19 = -4*d, i + 3*d + 13 = -i. Let h be -2*i/6*-15. What is the greatest common factor of p and h?
5
Let x be 3*1/(15/770). What is the greatest common factor of 14 and x?
14
Let h(m) = -4*m - 8. Let b be h(-4). Calculate the highest common divisor of 24 and b.
8
Let r = 2 + 0. Let y be (0 + 1)/((-5)/105). Let z = 39 + y. Calculate the greatest common factor of z and r.
2
Let p = -65 + 181. Let a be (-58)/(-4)*16/8. What is the greatest common factor of a and p?
29
Let d = -82 + 97. Let l(o) = 5*o**2 + 3*o - 5. Let a be l(5). Calculate the highest common divisor of a and d.
15
Let g be (-2*-8*1)/1. Let v be ((-12)/3 - -3) + 177. Calculate the highest common divisor of g and v.
16
Suppose -3*v = 3*s - 3, v + 13 = 4*v + s. Suppose 2 - 46 = -4*h. Let r = 31 + h. What is the greatest common divisor of v and r?
6
Let s(o) = o**3 - 8*o**2 + 7*o. Let g be s(7). Suppose -4*j + 5*j - 6 = g. What is the highest common divisor of j and 3?
3
Let t = 13 + 6. Suppose 0 = -3*v + 2*m + 27 + t, 2*v = -2*m + 14. Let f be 3*(-1)/(-6)*v. What is the highest common factor of 66 and f?
6
Let w(m) = m + 53. Let f be w(-17). Calculate 